 -5 (base 12) in base 4?
-11
What is -20120 (base 3) in base 5?
-1202
Convert -15a (base 16) to base 12.
-24a
What is -11220 (base 4) in base 6?
-1400
Convert -21 (base 9) to base 15.
-14
230 (base 9) to base 11
162
What is 11 (base 2) in base 7?
3
-4 (base 10) to base 12
-4
33 (base 7) to base 9
26
Convert -2 (base 15) to base 14.
-2
What is -2 (base 12) in base 9?
-2
-33 (base 4) to base 15
-10
What is 1 (base 8) in base 4?
1
Convert -5 (base 11) to base 13.
-5
What is -1101110 (base 2) in base 7?
-215
5 (base 12) to base 9
5
What is 5 (base 12) in base 5?
10
-20 (base 8) to base 9
-17
Convert -40 (base 10) to base 6.
-104
-6 (base 12) to base 11
-6
Convert -202 (base 7) to base 12.
-84
Convert -12 (base 14) to base 16.
-10
11 (base 4) to base 12
5
Convert 205 (base 7) to base 16.
67
0 (base 5) to base 8
0
Convert 10 (base 3) to base 11.
3
-267 (base 9) to base 13
-142
-13 (base 5) to base 8
-10
Convert 4 (base 9) to base 15.
4
Convert -108 (base 9) to base 12.
-75
155 (base 11) to base 4
2311
Convert 0 (base 2) to base 6.
0
What is -4 (base 10) in base 14?
-4
Convert -12 (base 9) to base 7.
-14
Convert -20 (base 7) to base 3.
-112
What is -3 (base 14) in base 7?
-3
Convert 301 (base 6) to base 7.
214
3 (base 6) to base 15
3
Convert -107 (base 12) to base 16.
-97
412 (base 6) to base 12
108
What is -50 (base 8) in base 11?
-37
2 (base 11) to base 10
2
111 (base 7) to base 4
321
Convert -31 (base 6) to base 7.
-25
What is 1 (base 6) in base 5?
1
Convert -441 (base 7) to base 10.
-225
-51 (base 12) to base 15
-41
Convert 2 (base 5) to base 12.
2
Convert 0 (base 2) to base 8.
0
What is 191 (base 10) in base 16?
bf
11 (base 2) to base 8
3
-5 (base 8) to base 14
-5
Convert 1101010 (base 2) to base 6.
254
What is 110011 (base 2) in base 4?
303
Convert 1122 (base 3) to base 15.
2e
8 (base 11) to base 4
20
4 (base 7) to base 10
4
What is -7 (base 9) in base 16?
-7
Convert 0 (base 16) to base 7.
0
-2221 (base 3) to base 14
-59
Convert -6 (base 13) to base 6.
-10
Convert -11001 (base 3) to base 9.
-131
What is 4 (base 8) in base 3?
11
What is -1 (base 6) in base 8?
-1
Convert -10 (base 3) to base 10.
-3
2 (base 15) to base 3
2
-a (base 13) to base 8
-12
What is -1 (base 4) in base 12?
-1
12 (base 5) to base 12
7
What is 3d (base 14) in base 10?
55
What is -d8 (base 15) in base 16?
-cb
100011 (base 3) to base 8
367
What is 4 (base 12) in base 10?
4
-a2 (base 13) to base 6
-340
Convert -13 (base 6) to base 14.
-9
What is 3 (base 9) in base 7?
3
What is -10110010 (base 2) in base 8?
-262
2 (base 12) to base 11
2
0 (base 13) to base 9
0
What is 10 (base 7) in base 8?
7
Convert -4 (base 14) to base 10.
-4
-2 (base 15) to base 11
-2
Convert -1 (base 14) to base 4.
-1
1b (base 12) to base 6
35
4 (base 7) to base 6
4
What is 11 (base 4) in base 8?
5
What is -21 (base 3) in base 9?
-7
-5 (base 15) to base 6
-5
-288 (base 11) to base 13
-200
What is 30 (base 16) in base 4?
300
Convert 302 (base 5) to base 15.
52
What is 10 (base 8) in base 7?
11
What is -2 (base 14) in base 11?
-2
44 (base 10) to base 2
101100
What is 39 (base 10) in base 3?
1110
What is -3 (base 16) in base 8?
-3
Convert -6 (base 8) to base 10.
-6
Convert -1 (base 11) to base 6.
-1
Convert 4a (base 12) to base 14.
42
Convert -a3 (base 14) to base 9.
-168
What is -100010 (base 2) in base 16?
-22
Convert -1011 (base 2) to base 11.
-10
Convert 0 (base 2) to base 12.
0
What is -2 (base 7) in base 13?
-2
Convert -1e (base 15) to base 5.
-104
Convert 27 (base 10) to base 11.
25
What is 45 (base 14) in base 6?
141
Convert 20 (base 9) to base 12.
16
Convert 0 (base 8) to base 15.
0
What is -112 (base 3) in base 4?
-32
What is -4 (base 12) in base 8?
-4
-2 (base 11) to base 2
-10
20 (base 13) to base 12
22
-23 (base 6) to base 4
-33
What is -8 (base 14) in base 2?
-1000
Convert -10010001 (base 2) to base 10.
-145
What is -134 (base 7) in base 6?
-202
What is 2 (base 16) in base 12?
2
What is -10112 (base 3) in base 6?
-235
What is -6 (base 13) in base 2?
-110
What is 100 (base 9) in base 14?
5b
1032 (base 4) to base 7
141
-41 (base 6) to base 8
-31
What is 1000 (base 4) in base 13?
4c
What is 130 (base 5) in base 8?
50
What is -11 (base 13) in base 14?
-10
19 (base 10) to base 12
17
-4 (base 15) to base 2
-100
Convert 22202 (base 3) to base 12.
178
What is -9 (base 16) in base 8?
-11
What is -152 (base 7) in base 14?
-62
What is -1b (base 12) in base 10?
-23
What is a (base 16) in base 4?
22
Convert 2 (base 16) to base 4.
2
What is -71 (base 9) in base 4?
-1000
Convert -2 (base 8) to base 3.
-2
Convert -16 (base 10) to base 7.
-22
-12200 (base 3) to base 15
-a3
-1000 (base 2) to base 13
-8
-2 (base 3) to base 7
-2
What is -a1 (base 11) in base 10?
-111
Convert 43 (base 8) to base 3.
1022
Convert -2 (base 15) to base 3.
-2
16 (base 8) to base 15
e
-1210 (base 3) to base 5
-143
What is 6 (base 8) in base 13?
6
Convert 143 (base 7) to base 12.
68
Convert -43 (base 5) to base 7.
-32
Convert -37 (base 13) to base 15.
-31
21 (base 15) to base 8
37
What is 331 (base 4) in base 10?
61
What is -168 (base 11) in base 5?
-1240
Convert -2 (base 16) to base 2.
-10
What is 2 (base 16) in base 10?
2
What is 5 (base 8) in base 9?
5
What is 11 (base 9) in base 6?
14
Convert -22 (base 4) to base 8.
-12
What is 2 (base 4) in base 2?
10
-101 (base 3) to base 15
-a
Convert -1141 (base 6) to base 8.
-425
Convert -121 (base 3) to base 5.
-31
What is 0 (base 6) in base 11?
0
Convert -5 (base 6) to base 5.
-10
Convert 7 (base 14) to base 4.
13
Convert -3 (base 16) to base 8.
-3
What is 11100 (base 2) in base 9?
31
-1 (base 16) to base 14
-1
Convert -1 (base 7) to base 13.
-1
What is -21 (base 6) in base 11?
-12
What is 11 (base 4) in base 8?
5
What is -150 (base 7) in base 3?
-10010
110101 (base 2) to base 15
38
Convert -1 (base 5) to base 3.
-1
Convert -8 (base 11) to base 13.
-8
Convert 1 (base 2) to base 3.
1
Convert 21 (base 15) to base 14.
23
Convert 3 (base 8) to base 4.
3
What is 3 (base 7) in base 14?
3
Convert 3 (base 4) to base 2.
11
14 (base 10) to base 4
32
What is 0 (base 3) in base 11?
0
-10 (base 2) to base 15
-2
0 (base 14) to base 2
0
Convert 46 (base 12) to base 5.
204
Convert 8a (base 15) to base 10.
130
Convert 20 (base 4) to base 15.
8
Convert -21 (base 3) to base 9.
-7
Convert 26 (base 16) to base 14.
2a
What is -4b (base 13) in base 14?
-47
Convert 120 (base 10) to base 13.
93
What is 6 (base 7) in base 14?
6
59 (base 11) to base 6
144
-15 (base 12) to base 4
-101
Convert 0 (base 12) to base 16.
0
What is 40 (base 6) in base 13?
1b
Convert c6 (base 16) to base 5.
1243
-5 (base 13) to base 4
-11
What is -2 (base 9) in base 4?
-2
What is -131 (base 4) in base 16?
-1d
Convert 14 (base 9) to base 11.
12
What is -43 (base 13) in base 8?
-67
What is 602 (base 7) in base 4?
10220
What is -12 (base 5) in base 12?
-7
74 (base 11) to base 9
100
4 (base 14) to base 13
4
1 (base 6) to base 4
1
Convert -1 (base 2) to base 13.
-1
Convert -3 (base 10) to base 6.
-3
Convert 0 (base 11) to base 6.
0
Convert 100001 (base 2) to base 12.
29
-2 (base 16) to base 7
-2
1234 (base 6) to base 7
622
Convert 104 (base 11) to base 2.
1111101
-4 (base 14) to base 6
-4
Convert 2101 (base 3) to base 12.
54
1 (base 3) to base 12
1
What is -12 (base 10) in base 12?
-10
What is -2 (base 8) in base 11?
-2
What is 100011 (base 2) in base 6?
55
Convert 3 (base 11) to base 15.
3
6 (base 9) to base 16
6
Convert 1 (base 6) to base 13.
1
-59 (base 12) to base 8
-105
Convert -7 (base 14) to base 5.
-12
-1010111 (base 2) to base 3
-10020
Convert 2 (base 6) to base 15.
2
What is -2 (base 13) in base 2?
-10
Convert -113 (base 7) to base 4.
-323
6 (base 16) to base 11
6
101010010 (base 2) to base 7
662
What is -2 (base 16) in base 12?
-2
Convert -50 (base 15) to base 16.
-4b
What is -32 (base 4) in base 14?
-10
1001111 (base 2) to base 16
4f
What is 0 (base 3) in base 16?
0
3 (base 5) to base 2
11
What is 3 (base 13) in base 5?
3
Convert -202 (base 5) to base 9.
-57
6 (base 8) to base 3
20
What is 5 (base 10) in base 16?
5
Convert 11 (base 2) to base 4.
3
Convert 10010 (base 2) to base 11.
17
What is 45 (base 7) in base 6?
53
Convert -1231 (base 4) to base 3.
-11001
What is 25 (base 13) in base 3?
1011
-1 (base 13) to base 14
-1
Convert -18 (ba